 the remainder when z(5) is divided by ((-9)/(-2))/(33/176)?
21
Let s = -30 - -33. Suppose -4*z - 2*l + 253 = -1, 4*z + s*l = 249. Let f = -44 + z. Calculate the remainder when 62 is divided by f.
18
Suppose 2*y - 4*y + 11 = 3*a, 4*a = 5*y + 53. What is the remainder when ((9/(-2))/1)/(133/(-798)) is divided by a?
6
Let j = -84 - -122. Suppose -86 = -5*f + 2*t, -7*f + j = -5*f - 2*t. Calculate the remainder when f is divided by 5.
1
Suppose 5*p - 233 + 58 = 0. Let s = p + -33. Suppose -245 = -4*k + 5*u, 155 = s*k + k + 2*u. What is the remainder when k is divided by 29?
26
Suppose -4*n + 592 = 3*y, -7*y + 12*y - 977 = 3*n. What is the remainder when y is divided by 34?
26
Let c(o) = -18*o**3 + 2*o**2 + 6*o + 3. Let a(y) = y**2 + 14*y + 67. Calculate the remainder when a(-16) is divided by c(-1).
14
Suppose 54*o - 1592567 = -77*o. Calculate the remainder when o is divided by 7.
5
Let a be ((-1)/3 + (-22)/33)*-4. Suppose 149 = 5*h - 3*n, -5*n + 41 = a*h - 56. What is the remainder when 46 is divided by h?
18
Let g be 1 + 2 + -6 - -205 - -3. Let a(q) = -q**3 + 7*q**2 - 4*q + 2. Calculate the remainder when -9*(g/(-15) - 4) is divided by a(5).
31
Let j(r) = -r**2 + 20*r + 36. Let k be j(16). Let x be 0/(-4) - k/((-1)/1). What is the remainder when 14 is divided by (x/(-80))/(1/(-4)) - -1?
2
Let i = -71 + 73. Suppose -4*k + 2*k - 5*g = -144, i*k - 144 = -3*g. What is the remainder when k is divided by 20?
12
Let p(h) = -h**2 + 9*h - 5. Let v be (-4 + 2 + 3)*7. Suppose 6*w = -2877 + 3075. What is the remainder when w is divided by p(v)?
6
Let m(f) = f**3 - 22*f**2 - 67*f - 34. What is the remainder when 500 is divided by m(25)?
2
Suppose 2*n = -3*a + 3910, 1617 = 3*n - 2*a - 4235. Calculate the remainder when n is divided by 279.
278
Suppose -16*h + h = 120. Suppose -4*w + 7*w - 4*d - 21 = 0, 12 = -4*d. Calculate the remainder when (((-132)/h)/(-11))/(2/(-12)) is divided by w.
0
Suppose 10 = i + 7. Suppose i*n + 45 = 8*n. Calculate the remainder when 31 is divided by n.
4
Let b = 39 - 39. Suppose 2*r - 1 - 3 = b, 4*l - 12 = -2*r. What is the remainder when (l - -11)/(11 - 10) is divided by 7?
6
Let f = 4951 + -4950. Suppose -2*w = -h - 2, 5*h + 4*w - 1 = 31. What is the remainder when h is divided by f?
0
Let f be ((-2)/(-4))/((-5)/(-10)). Let h be ((128/6)/(-8))/(f/3). Calculate the remainder when 47 is divided by (-2 - h/5)/(3/(-45)).
5
Suppose -2*x + 29 = 19. Let o be (-1 + 15/9)/((-2)/(-18)). Suppose x*r + 100 = 5*n, -n + o*n + 2*r - 93 = 0. What is the remainder when n is divided by 7?
5
Let c = 129 + -196. Let u = 134 + c. Let t = 121318 - 121304. What is the remainder when u is divided by t?
11
Let p(u) = -7*u - 78. Suppose -6*l + 51 + 321 = 0. What is the remainder when p(-37) is divided by l?
57
Suppose s + 122 = 3*s. Suppose 5*u + 5*g - s = 3*g, 4*u - 48 = -2*g. Calculate the remainder when 164/574*(-1)/((-1)/84) is divided by u.
11
What is the remainder when 1040/4 + 32 + -31 is divided by 78?
27
Suppose -18*u + 88 = -10*u. What is the remainder when 1195 is divided by u?
7
Let f(i) = -7*i - 1. Let x = 207 + -204. Suppose -3*y + 30 = x*y. What is the remainder when f(-3) is divided by y?
0
Suppose -5*l + 3801 = -2*a, 574*l + 4*a + 3036 = 578*l. Calculate the remainder when l is divided by 193.
182
Let g(l) = 10*l**2 - 3*l - 27. Let y(i) = -5*i**2 + i + 14. Let p(d) = 3*g(d) + 5*y(d). What is the remainder when 82 is divided by p(-2)?
14
Let h be 1805/(-35) + 4/7. Let z = h - -113. What is the remainder when z is divided by 8?
6
Let s(j) = 11254*j**2 + 6*j - j**3 - 11245*j**2 + 8*j - 23. Calculate the remainder when 84 is divided by s(10).
16
Let d(k) = k**2 - 38*k + 221. Let q be (-64)/(-9 + 1) + 28. Let w = -39 + 64. What is the remainder when d(q) is divided by w?
24
Let j = -119 - -153. Suppose -j = -5*h - 3*x, 5*x - 31 + 1 = -5*h. Let q = -37 + 52. What is the remainder when q is divided by h?
7
Suppose -t = t - 120. Calculate the remainder when (5 + 63/(-36))/(-2*3/(-552)) is divided by t.
59
Let x(j) = j**3 + 14*j**2 - 24*j - 41. Calculate the remainder when x(-7) is divided by 32.
22
Let i(j) = -j**2 - 15*j + 1288. What is the remainder when i(23) is divided by 45?
9
Let t(c) = -49*c - 4. Let p(y) = -y**3 + 7*y**2 - 3*y - 15. Let x be p(6). Let n be t(x). Let s = n + 220. Calculate the remainder when s is divided by 18.
15
Let w = 25 + -18. Let j = -60925 + 60936. What is the remainder when j is divided by w?
4
Let o be 591/7 + 6/(-14). Suppose -o = -11*d + 17*d. Let y(n) = n**3 + 14*n**2 - 2*n. Calculate the remainder when 33 is divided by y(d).
5
Let i = 333 + -329. Suppose -6*o + 2012 = -2*o + 5*q, -2*o + i*q + 1006 = 0. What is the remainder when o is divided by 28?
27
Let g = 5 - -66. Suppose 13 + g = 14*t. Calculate the remainder when t is divided by 5.
1
Let z = -771 + 1069. Calculate the remainder when z is divided by (10/(-15))/((-260)/129 - -2).
40
Let x = 4330 + -4280. What is the remainder when 242 is divided by x?
42
Let q(b) be the first derivative of b**3/3 + b**2/2 - 2*b + 79. What is the remainder when 75 is divided by q(-7)?
35
What is the remainder when 225 is divided by -4*2*261/(-288)*8?
51
Suppose -6 = 2*q - q - 4*r, 4*q = -5*r + 18. Suppose 11 - 37 = -q*p. Let j(t) = -25*t**2 - 54*t + 125. Calculate the remainder when j(-3) is divided by p.
10
Let j = -43 - -155. Let u = 213804 + -213774. Calculate the remainder when j is divided by u.
22
What is the remainder when 3*(-258)/(-18) - 3 is divided by ((-27)/(-6))/(18/24)?
4
Let v be ((-5)/(-10))/(345/(-174) + 2). Suppose -3*y + 2*g = -v, -5*g - 11 = 2*y - 5. Calculate the remainder when 10 is divided by y.
3
Let r(y) = y**3 + 13*y**2 + 15*y + 9. Let q(v) = v + 1. Let w(h) = h - 12. Let a(x) = -4*q(x) + w(x). What is the remainder when r(-11) is divided by a(-13)?
17
Let a(h) = 62*h**3 - 20*h**2 - 6. What is the remainder when a(3) is divided by 56?
32
Let p = 5507 - 5476. Calculate the remainder when 197 is divided by p.
11
Let c be (58/(-29))/(-1*2). Calculate the remainder when (-5)/(-2 - 154/(-52) - c) is divided by 33.
31
Suppose 2*u - 4 = 0, 382 - 1400 = -3*a + u. Calculate the remainder when a is divided by 1 + -12 + (-324)/(-6).
39
Let j be (-1)/((-315)/(-160) - 2). Suppose -l + 19 = r, 4*l + l - j = -2*r. Let m(k) = k + 6. What is the remainder when 78 is divided by m(r)?
24
Let a(v) = v**2 + 207*v - 1029. Calculate the remainder when 131 is divided by a(5).
7
What is the remainder when 1071 is divided by (0 - -79) + -8*(-33)/88?
5
Suppose 144 = -12*y - 924. Let a = y + 103. What is the remainder when 50 is divided by a?
8
What is the remainder when ((-6)/1)/((-732)/56364) is divided by 172?
118
Suppose 0 = 4*m - 3*m - 11. Let p = 25 - 21. Suppose 2*w = -y + 14, 2*w = p*y - 3*w - 17. Calculate the remainder when m is divided by y.
3
Let h(c) = c**3 - 188*c**2 + 198*c - 1802. Let n(x) = -5*x - 4. What is the remainder when h(187) is divided by n(-4)?
15
Let a(l) = l**2 - 17*l + 133. What is the remainder when 261 is divided by a(9)?
17
Let q = 2865 + -2768. What is the remainder when 585 is divided by q?
3
Suppose -3*j - 985 = -5*h, 154*h + 591 = 157*h + 5*j. Calculate the remainder when h is divided by 40.
37
Suppose -s + 25 = 4*g + 2, 5*s = 4*g - 29. Suppose -g*z - 3*y = -5*z - 24, -z + 4*y = -38. What is the remainder when z is divided by 29?
1
Suppose -7*f + 5*f = -44. Let i = 1073 - 680. Suppose -i = 2*c - 5*c. Calculate the remainder when c is divided by f.
21
Let h = 4007 + -3621. Calculate the remainder when 1160 is divided by h.
2
Suppose 2*o + 7 - 317 = 0. Let q = 202 - o. Suppose 5*j - s - 117 = 0, -j - s - 2*s = -33. What is the remainder when q is divided by j?
23
Let i = -72056 - -72283. Suppose 4*h = -5*c + 190, -5*c - h + 41 = -149. Calculate the remainder when i is divided by c.
37
Let d = -1164 - -2042. Calculate the remainder when d is divided by 40.
38
Suppose 9*k - 2775 = -346*k + 21010. Calculate the remainder when 585 is divided by k.
49
Suppose l - 5*s = 116, -3*l + 3*s + 334 = 2*s. Suppose y - 5*r + 1 = 0, 3*r - 31 = 68*y - 69*y. Calculate the remainder when l is divided by y.
16
Let h = 6924 - 4878. Suppose 31*c - h = 9*c. What is the remainder when c is divided by 24?
21
Suppose 12*h - 9 = -165. Calculate the remainder when